 26. What is r(10)?
6
Let j(z) = 2*z**3 - z - 5. What is j(-4)?
-129
Let s(x) = -3*x**2 - 3*x - 2. Give s(-2).
-8
Let a(j) = -6*j**2 + 4*j + 5. Determine a(-1).
-5
Let l(n) = -n**3 + 24*n**2 - n - 6. Calculate l(24).
-30
Let r(u) = u**2 + 11*u - 73. Determine r(-17).
29
Let u(g) = -g**3 + 5*g**2 - 12. Give u(4).
4
Let r(o) = -2*o**3 - 2*o**2 - 2*o - 7. Determine r(-2).
5
Let k(q) = q + 14. Calculate k(-4).
10
Let s(r) = 7*r**2 - 3*r - 2. What is s(-1)?
8
Let x(n) = -n**3 - 10*n**2 - 13*n - 8. What is x(-9)?
28
Let m(r) = 6*r + 62. What is m(-8)?
14
Let i(y) = -y - 4. Give i(0).
-4
Let y(q) = -q**3 + 28*q**2 + 28*q + 28. What is y(29)?
-1
Let u(n) = -2*n**2 + 20*n + 6. Determine u(0).
6
Let m(g) = -g**2 - 8*g - 4. What is m(-6)?
8
Let a(g) = 2*g**2 + 28*g + 1. Calculate a(-14).
1
Let w(o) = o**2 - 49*o + 15. Determine w(0).
15
Let s(q) = q**2 - 11*q. Give s(12).
12
Let w(j) = -2*j - 2. Calculate w(7).
-16
Let b(x) = x**2 - 27*x + 103. What is b(22)?
-7
Let v(m) = -m**3 - 7*m**2 - 6*m - 8. Determine v(-7).
34
Let m(s) = -6*s + 12. Calculate m(-9).
66
Let n(x) = -9*x**2 - x + 1. Determine n(-2).
-33
Let r(m) = m**2 - 12*m + 2. What is r(6)?
-34
Let b(l) = -l**2 - 9*l + 6. Determine b(-9).
6
Let p(c) = 3*c + 3. Determine p(-3).
-6
Let r(g) = 2*g**3 - 13*g**2 + g + 13. Determine r(6).
-17
Let t(c) = -2*c - 17. What is t(-3)?
-11
Let g(c) = -c - 2. What is g(-2)?
0
Let s(f) = f**3 + 7*f**2 + 3*f + 11. What is s(-7)?
-10
Let z(i) = i**2 + 12*i - 64. Give z(-16).
0
Let m(p) = -p**2 + 12*p + 5. Determine m(12).
5
Let d(w) = -w**2 - 7*w - 3. What is d(4)?
-47
Let v(c) = -c**2 - 14*c + 11. Calculate v(-15).
-4
Let p(v) = 3*v + 21. Determine p(-5).
6
Let i(c) = -c - 6. Determine i(-6).
0
Let t(p) = -p**3 - 11*p**2 + p + 12. Give t(-11).
1
Let j(n) = -n**2 - 2*n + 21. Give j(-6).
-3
Let b(w) = w - 19. Determine b(-8).
-27
Let u(d) = 8*d - 20. Calculate u(3).
4
Let s(l) = -l**2 + 11*l - 3. Give s(11).
-3
Let w(k) = -k**3 + 4*k**2 + 12*k + 6. Determine w(6).
6
Let x(k) = 5*k - 10. Determine x(4).
10
Let x(i) = 9*i - 9. Calculate x(6).
45
Let m(n) = -n**3 - n**2 + 5*n + 1. What is m(3)?
-20
Let y(g) = 2*g - 7. Calculate y(4).
1
Let v(r) = 3*r + 30. What is v(-3)?
21
Let y(w) = -w + 8. What is y(11)?
-3
Let y(a) = a**3 - 7*a - 7. Give y(-3).
-13
Let n(o) = 10*o - 143. Give n(13).
-13
Let l(u) = -2*u**3 - 21*u**2 + 15*u + 20. Calculate l(-11).
-24
Let s(b) = -9*b - 41. Calculate s(-5).
4
Let f(h) = -6*h**3 + 4*h**2 - 4*h. What is f(1)?
-6
Let f(o) = 11*o - 117. Calculate f(11).
4
Let q(r) = -22*r - 27. Determine q(-1).
-5
Let w(z) = 5*z + 51. What is w(-10)?
1
Let j(n) = -n**3 - 3*n**2 - 6*n - 6. Determine j(-2).
2
Let j(n) = 73*n + 361. Determine j(-5).
-4
Let h(v) = -2*v**2 - 9*v + 3. Determine h(-6).
-15
Let t(q) = q**2 + 50*q - 44. What is t(-51)?
7
Let k(g) = -g**2 - 16*g + 460. What is k(-31)?
-5
Let p(k) = -10*k + 1. Calculate p(-2).
21
Let q(v) = 14*v**3 + 2*v**2 - 1. Calculate q(-1).
-13
Let m(w) = 4*w**3 + 1. Determine m(-1).
-3
Let x(r) = 4*r - 11. Determine x(-3).
-23
Let l(g) = -g**2 - 10*g - 15. Determine l(-9).
-6
Let b(k) = -k**3 + 20*k**2 - 14*k + 19. Calculate b(19).
114
Let f(u) = u**2 + u - 16. What is f(-5)?
4
Let u(z) = 15*z - 78. Give u(11).
87
Let i(w) = -5*w**2 + 2. Calculate i(-4).
-78
Let l(k) = -k**2 + 8*k. What is l(5)?
15
Let r(o) = 16*o + 4. Give r(-3).
-44
Let r(z) = -5*z**3 - 2*z**2 - 2*z. Determine r(-1).
5
Let d(n) = n**2 - 28*n - 73. Determine d(30).
-13
Let z(d) = d**3 - 17*d**2 + 28*d - 19. Give z(15).
-49
Let x(n) = -13*n - 11. Give x(8).
-115
Let a(x) = 2*x - 106. Calculate a(54).
2
Let u(a) = -a**2 - 13*a + 12. Determine u(-14).
-2
Let b(x) = -x**3 + 5*x**2 + 9*x - 8. What is b(6)?
10
Let r(x) = -31*x - 123. What is r(-4)?
1
Let k(h) = -8*h**3 - 13*h**2 + 11*h + 2. What is k(1)?
-8
Let f(q) = -8*q + 51. What is f(28)?
-173
Let z(d) = -4*d + 37. Give z(11).
-7
Let z(g) = g**3 - g. Determine z(0).
0
Let a(n) = n**2 - 2*n - 3. Determine a(5).
12
Let y(a) = 24*a + 43. What is y(-2)?
-5
Let l(f) = -f**2 - 11*f - 23. Determine l(-6).
7
Let v(i) = i**2 - 20*i + 39. Calculate v(18).
3
Let k(i) = i**3 - 13*i**2 - 13*i - 12. Calculate k(14).
2
Let k(t) = t**3 - 8*t**2 - 6*t - 7. Calculate k(8).
-55
Let l(t) = 2*t**3 - 35*t**2 + 28*t - 181. Determine l(17).
6
Let s(y) = -y**3 + 3*y**2 + 11*y - 6. Calculate s(4).
22
Let s(g) = g**2 + 33*g + 61. Give s(-31).
-1
Let q(r) = r**3 + 14*r**2 + 9*r - 4. Calculate q(-13).
48
Let w(d) = -d**2 - 39*d - 121. What is w(-4)?
19
Let o(a) = -2*a - 10. Give o(9).
-28
Let g(b) = -35*b - 14. Calculate g(-3).
91
Let a(n) = 4*n + 66. Calculate a(-17).
-2
Let v(d) = -2*d**2 + 86*d + 5. Give v(43).
5
Let z(b) = b**2 + 7*b + 9. Calculate z(-5).
-1
Let v(l) = 5*l - 49. Calculate v(8).
-9
Let y(h) = h**2 + 19*h - 289. Determine y(10).
1
Let p(x) = -5*x - 19. Give p(-5).
6
Let f(a) = -a**2 - a + 4. What is f(0)?
4
Let u(z) = 133*z**2 - 1. Determine u(1).
132
Let q(m) = -m**3 - 2*m**2 + 4*m - 1. Give q(-4).
15
Let k(a) = -12*a**3 + a**2 - 5*a - 6. Give k(-1).
12
Let c(j) = -j**2 - 13*j - 25. Determine c(-7).
17
Let i(z) = -z**2 - 8. Calculate i(-4).
-24
Let b(h) = -h + 13. Determine b(6).
7
Let d(q) = -2*q**3 + 5*q**2 - 2*q - 2. Give d(4).
-58
Let k(t) = -t - 26. What is k(-10)?
-16
Let m(g) = g**3 + 4*g**2 - 6. Give m(-4).
-6
Let p(u) = -u**2 + 3*u + 2. Determine p(6).
-16
Let w(y) = y**3 + 5*y**2 + 4*y + 4. Give w(-4).
4
Let s(j) = -2*j**3 - j**2 + j. Give s(2).
-18
Let f(w) = -w**2 - 34*w - 37. Calculate f(-33).
-4
Let s(i) = 2*i + 15. What is s(0)?
15
Let a(x) = -3*x**2 - 6*x - 18. Give a(-5).
-63
Let z(d) = -2*d**2 - 38*d + 95. Give z(-21).
11
Let h(l) = 2*l + 11. Give h(-7).
-3
Let l(n) = n**3 - 13*n**2 + 32*n - 11. What is l(10)?
9
Let p(k) = -k**2 - 6*k - 7. Give p(-5).
-2
Let z(k) = -2*k**3 + 46*k**2 - 46*k + 62. Calculate z(22).
18
Let w(o) = o**3 + 7*o**2 + o + 11. Determine w(-7).
4
Let m(s) = -11*s + 6. Determine m(2).
-16
Let m(z) = z**2 - 4*z - 3. Give m(3).
-6
Let q(m) = -4*m**2 + m - 2. Give q(-6).
-152
Let i(r) = 68*r - 78. Calculate i(1).
-10
Let t(g) = -g**2 - 5*g + 56. Calculate t(-10).
6
Let y(h) = h - 52. What is y(0)?
-52
Let c(r) = r**3 + 40. Determine c(0).
40
Let w(f) = f + 1. Calculate w(12).
13
Let h(x) = -13*x**3 - x**2 + x. Give h(1).
-13
Let y(i) = 28*i - 25. What is y(2)?
31
Let z(u) = -13*u - 175. Give z(-13).
-6
Let i(z) = z**2 - 2*z + 2. Calculate i(-4).
26
Let q(d) = -d**3 + 8*d**2 + 8*d + 2. Determine q(9).
-7
Let y(t) = -t**3 - 6*t**2 + 7*t + 8. Determine y(-7).
8
Let o(l) = 2*l**2 + 3*l + 3. What is o(-2)?
5
Let q(l) = 36*l + 2. Determine q(-5).
-178
Let q(a) = -28*a**3 - a**2 + 1. Give q(-1).
28
Let o(m) = m + 10. Give o(-8).
2
Let z(b) = -27*b - 1. What is z(-2)?
53
Let s(t) = -t**2 + 8*t + 52. What is s(12)?
4
Let c(p) = p**2 + 3*p - 5. Give c(-5).
5
Let y(b) = -b**2 + 9*b + 556. Calculate y(29).
-24
Let o(c) = 4*c. What is o(-7)?
-28
Let t(a) = -a**3 - 3*a**2 + 132*a + 11. Determine t(-13).
-15
Let d(o) = 5*o**2 - 2*o - 4. Calculate d(-3).
47
Let r(f) = f**2 + 29*f + 37. What is r(-26)?
-41
Let x(y) = -y**2 - 11*y - 4. What is x(-17)?
-106
Let u(l) = -l - 21. Determine u(-13).
-8
Let q(z) = -z**3 + 11*z**2 + z - 20. Determine q(11).
-9
Let r(c) = -c**3 + 4*c**2 + 7*c - 12. What is r(5)?
-2
Let b(n) = n**3 + 5*n**2 - 4*n - 4. Give b(-5).
16
Let r(n) = 6*n**2 + 2*n - 10. Calculate r(2).
18
Let n(g) = -9*g - 18. Determine n(-3).
9
Let v(l) = 5*l + 9. Calculate v(4).
29
Let z(d) = -12*d**2 - 2*d + 4. Determine z(0).
4
Let a(g) = -28*g**2 - g. Determine a(-1).
-27
Let u(a) = -6*a - 25. Give u(-17).
77
Let o(t) = -7*t + 115. Determine o(16).
3
Let n(w) = 3*w - 10. Determine n(5).
5
Let h(c) = -10*c**2 - 3*c + 8. What is h(-4)?
-140
Let y(a) = a**3 - 17*a**2 - 66*a + 116. Calculate y(20).
-4
Let i(g) = g + 11. Give i(-4).
7
Let c(j) = -6*j**3 + j**2 - j - 1. What is c(-1)?
7
Let o(h) = 58*h + 295. What is o(-5)?
5
Let w(d) = d**2 + 5*d + 6. Determine w(-5).
6
Let u(j) = 7*j + 18. Determine u(6).
60
Let f(h) = h**2 + 7*h + 9. What is f(-8)?
17
Let k(j) = -j - 2. Give k(2).
-4
Let g(b) = -b**2 - 18*b - 4. Determine g(-18).
-4
Let u(k) = k**3 - 17*k**2 - 17*k - 16. Give u(18).
2
Let n(j) = 82*j**3 + 4*j - 4. Give n(1).
82
Let t(c) = -22*c + 161. Determine t(8).
-15
Let v